{"id":1402,"date":"2020-06-06T00:15:37","date_gmt":"2020-06-05T22:15:37","guid":{"rendered":"https:\/\/www.laformatgeria.com\/?page_id=1402"},"modified":"2025-03-21T17:56:05","modified_gmt":"2025-03-21T16:56:05","slug":"nous","status":"publish","type":"page","link":"https:\/\/www.laformatgeria.com\/fr\/nosaltres\/","title":{"rendered":"Nous"},"content":{"rendered":"<div data-elementor-type=\"wp-page\" data-elementor-id=\"1402\" class=\"elementor elementor-1402\" data-elementor-post-type=\"page\">\n\t\t\t\t\t\t<section class=\"elementor-section elementor-top-section elementor-element elementor-element-11a39c44 elementor-section-full_width elementor-section-height-default elementor-section-height-default\" data-id=\"11a39c44\" data-element_type=\"section\" data-e-type=\"section\">\n\t\t\t\t\t\t<div class=\"elementor-container elementor-column-gap-no\">\n\t\t\t\t\t<div class=\"elementor-column elementor-col-100 elementor-top-column elementor-element elementor-element-aa98809\" data-id=\"aa98809\" data-element_type=\"column\" data-e-type=\"column\">\n\t\t\t<div class=\"elementor-widget-wrap elementor-element-populated\">\n\t\t\t\t\t\t<div class=\"elementor-element elementor-element-782468fb elementor-widget elementor-widget-text-editor\" data-id=\"782468fb\" data-element_type=\"widget\" data-e-type=\"widget\" data-widget_type=\"text-editor.default\">\n\t\t\t\t<div class=\"elementor-widget-container\">\n\t\t\t\t\t\t\t\t\t<p style=\"text-align: justify;\" class=\"translation-block\">Situ\u00e9 dans une ancienne fromagerie, au c\u0153ur de <strong>La Cerdagne<\/strong>, et au milieu d'un environnement paradisiaque, se trouve le restaurant <strong>La Formatgeria de Ll\u00edvia<\/strong>.<\/p>\r\n<p style=\"text-align: justify;\" class=\"translation-block\">Il y a pr\u00e8s de 25 ans, <strong>Marta<\/strong> et <strong>Juanjo<\/strong>, les propri\u00e9taires, ont commenc\u00e9 ce projet gastronomique.<\/p>\r\n<p style=\"text-align: justify;\" class=\"translation-block\">Avec enthousiasme, pers\u00e9v\u00e9rance et envie de s'am\u00e9liorer de jour en jour, ils ont r\u00e9ussi \u00e0 faire de <strong>La Formatgeria<\/strong> l'un des coins les plus embl\u00e9matiques de la r\u00e9gion, tant pour sa cuisine renomm\u00e9e que pour la beaut\u00e9 de l'espace qui l'entoure.<\/p>\r\n<p style=\"text-align: justify;\">Ils ont su, au fil des ans, gagner la reconnaissance et l\u2019appr\u00e9ciation des amateurs de bonne cuisine et de nature.<\/p>\r\n<p style=\"text-align: justify;\">Il n\u2019y a ici que de la place pour profiter de la bonne nourriture et se d\u00e9tendre. <strong>L\u2019endroit id\u00e9al pour manger \u00e0 La Cerdanya.<\/strong>.<\/p>\r\n\r\n<h3><strong>Nous t\u2019attendons!<\/strong><\/h3>\t\t\t\t\t\t\t\t<\/div>\n\t\t\t\t<\/div>\n\t\t\t\t\t<\/div>\n\t\t<\/div>\n\t\t\t\t\t<\/div>\n\t\t<\/section>\n\t\t\t\t<section class=\"elementor-section elementor-top-section elementor-element elementor-element-5799d97 elementor-section-full_width elementor-section-height-default elementor-section-height-default\" data-id=\"5799d97\" data-element_type=\"section\" data-e-type=\"section\">\n\t\t\t\t\t\t<div class=\"elementor-container elementor-column-gap-no\">\n\t\t\t\t\t<div class=\"elementor-column elementor-col-100 elementor-top-column elementor-element elementor-element-79f051f\" data-id=\"79f051f\" data-element_type=\"column\" data-e-type=\"column\">\n\t\t\t<div class=\"elementor-widget-wrap elementor-element-populated\">\n\t\t\t\t\t\t<div class=\"elementor-element elementor-element-6a473b8 elementor-widget elementor-widget-gallery\" data-id=\"6a473b8\" data-element_type=\"widget\" data-e-type=\"widget\" data-settings=\"{&quot;columns&quot;:3,&quot;columns_mobile&quot;:2,&quot;gap&quot;:{&quot;unit&quot;:&quot;px&quot;,&quot;size&quot;:4,&quot;sizes&quot;:[]},&quot;gap_tablet&quot;:{&quot;unit&quot;:&quot;px&quot;,&quot;size&quot;:3,&quot;sizes&quot;:[]},&quot;gap_mobile&quot;:{&quot;unit&quot;:&quot;px&quot;,&quot;size&quot;:4,&quot;sizes&quot;:[]},&quot;aspect_ratio&quot;:&quot;16:9&quot;,&quot;image_hover_animation&quot;:&quot;grow&quot;,&quot;lazyload&quot;:&quot;yes&quot;,&quot;gallery_layout&quot;:&quot;grid&quot;,&quot;columns_tablet&quot;:2,&quot;link_to&quot;:&quot;file&quot;,&quot;content_hover_animation&quot;:&quot;fade-in&quot;}\" data-widget_type=\"gallery.default\">\n\t\t\t\t<div class=\"elementor-widget-container\">\n\t\t\t\t\t\t\t<div class=\"elementor-gallery__container\">\n\t\t\t\t\t\t\t<a class=\"e-gallery-item elementor-gallery-item elementor-animated-content\" href=\"https:\/\/www.laformatgeria.com\/wp-content\/uploads\/2021\/06\/La-Formatgeria-de-Llivia-Nosaltres-2.jpg\" data-elementor-open-lightbox=\"yes\" data-elementor-lightbox-slideshow=\"6a473b8\" data-elementor-lightbox-title=\"La Formatgeria de Ll\u00edvia - Nosaltres\" data-e-action-hash=\"#elementor-action%3Aaction%3Dlightbox%26settings%3DeyJpZCI6NDcyNSwidXJsIjoiaHR0cHM6XC9cL3d3dy5sYWZvcm1hdGdlcmlhLmNvbVwvd3AtY29udGVudFwvdXBsb2Fkc1wvMjAyMVwvMDZcL0xhLUZvcm1hdGdlcmlhLWRlLUxsaXZpYS1Ob3NhbHRyZXMtMi5qcGciLCJzbGlkZXNob3ciOiI2YTQ3M2I4In0%3D\">\n\t\t\t\t\t<div class=\"e-gallery-image elementor-gallery-item__image\" data-thumbnail=\"https:\/\/www.laformatgeria.com\/wp-content\/uploads\/2021\/06\/La-Formatgeria-de-Llivia-Nosaltres-2.jpg\" data-width=\"960\" data-height=\"720\" aria-label=\"La Formatgeria Ll\u00edvia -Nous\" role=\"img\" ><\/div>\n\t\t\t\t\t\t\t\t\t\t\t\t\t\t<\/a>\n\t\t\t\t\t\t\t<a class=\"e-gallery-item elementor-gallery-item elementor-animated-content\" href=\"https:\/\/www.laformatgeria.com\/wp-content\/uploads\/2021\/06\/La-Formatgeria-de-Llivia-Nosaltres-5.jpg\" data-elementor-open-lightbox=\"yes\" data-elementor-lightbox-slideshow=\"6a473b8\" data-elementor-lightbox-title=\"La Formatgeria de Ll\u00edvia - Nosaltres\" data-e-action-hash=\"#elementor-action%3Aaction%3Dlightbox%26settings%3DeyJpZCI6NDcyOCwidXJsIjoiaHR0cHM6XC9cL3d3dy5sYWZvcm1hdGdlcmlhLmNvbVwvd3AtY29udGVudFwvdXBsb2Fkc1wvMjAyMVwvMDZcL0xhLUZvcm1hdGdlcmlhLWRlLUxsaXZpYS1Ob3NhbHRyZXMtNS5qcGciLCJzbGlkZXNob3ciOiI2YTQ3M2I4In0%3D\">\n\t\t\t\t\t<div class=\"e-gallery-image elementor-gallery-item__image\" data-thumbnail=\"https:\/\/www.laformatgeria.com\/wp-content\/uploads\/2021\/06\/La-Formatgeria-de-Llivia-Nosaltres-5.jpg\" data-width=\"960\" data-height=\"720\" aria-label=\"La Formatgeria Ll\u00edvia -Nous\" role=\"img\" ><\/div>\n\t\t\t\t\t\t\t\t\t\t\t\t\t\t<\/a>\n\t\t\t\t\t\t\t<a class=\"e-gallery-item elementor-gallery-item elementor-animated-content\" href=\"https:\/\/www.laformatgeria.com\/wp-content\/uploads\/2021\/06\/La-Formatgeria-de-Llivia-Nosaltres-1.jpg\" data-elementor-open-lightbox=\"yes\" data-elementor-lightbox-slideshow=\"6a473b8\" data-elementor-lightbox-title=\"La Formatgeria de Ll\u00edvia - Nosaltres\" data-e-action-hash=\"#elementor-action%3Aaction%3Dlightbox%26settings%3DeyJpZCI6NDcyNCwidXJsIjoiaHR0cHM6XC9cL3d3dy5sYWZvcm1hdGdlcmlhLmNvbVwvd3AtY29udGVudFwvdXBsb2Fkc1wvMjAyMVwvMDZcL0xhLUZvcm1hdGdlcmlhLWRlLUxsaXZpYS1Ob3NhbHRyZXMtMS5qcGciLCJzbGlkZXNob3ciOiI2YTQ3M2I4In0%3D\">\n\t\t\t\t\t<div class=\"e-gallery-image elementor-gallery-item__image\" data-thumbnail=\"https:\/\/www.laformatgeria.com\/wp-content\/uploads\/2021\/06\/La-Formatgeria-de-Llivia-Nosaltres-1.jpg\" data-width=\"960\" data-height=\"720\" aria-label=\"La Formatgeria Ll\u00edvia -Nous\" role=\"img\" ><\/div>\n\t\t\t\t\t\t\t\t\t\t\t\t\t\t<\/a>\n\t\t\t\t\t\t\t<a class=\"e-gallery-item elementor-gallery-item elementor-animated-content\" href=\"https:\/\/www.laformatgeria.com\/wp-content\/uploads\/2021\/06\/La-Formatgeria-de-Llivia-Nosaltres-4.jpg\" data-elementor-open-lightbox=\"yes\" data-elementor-lightbox-slideshow=\"6a473b8\" data-elementor-lightbox-title=\"La Formatgeria de Ll\u00edvia - Nosaltres\" data-e-action-hash=\"#elementor-action%3Aaction%3Dlightbox%26settings%3DeyJpZCI6NDcyNywidXJsIjoiaHR0cHM6XC9cL3d3dy5sYWZvcm1hdGdlcmlhLmNvbVwvd3AtY29udGVudFwvdXBsb2Fkc1wvMjAyMVwvMDZcL0xhLUZvcm1hdGdlcmlhLWRlLUxsaXZpYS1Ob3NhbHRyZXMtNC5qcGciLCJzbGlkZXNob3ciOiI2YTQ3M2I4In0%3D\">\n\t\t\t\t\t<div class=\"e-gallery-image elementor-gallery-item__image\" data-thumbnail=\"https:\/\/www.laformatgeria.com\/wp-content\/uploads\/2021\/06\/La-Formatgeria-de-Llivia-Nosaltres-4.jpg\" data-width=\"960\" data-height=\"720\" aria-label=\"La Formatgeria Ll\u00edvia -Nous\" role=\"img\" ><\/div>\n\t\t\t\t\t\t\t\t\t\t\t\t\t\t<\/a>\n\t\t\t\t\t\t\t<a class=\"e-gallery-item elementor-gallery-item elementor-animated-content\" href=\"https:\/\/www.laformatgeria.com\/wp-content\/uploads\/2021\/06\/La-Formatgeria-de-Llivia-Nosaltres-3.jpg\" data-elementor-open-lightbox=\"yes\" data-elementor-lightbox-slideshow=\"6a473b8\" data-elementor-lightbox-title=\"La Formatgeria de Ll\u00edvia - Nosaltres\" data-e-action-hash=\"#elementor-action%3Aaction%3Dlightbox%26settings%3DeyJpZCI6NDcyNiwidXJsIjoiaHR0cHM6XC9cL3d3dy5sYWZvcm1hdGdlcmlhLmNvbVwvd3AtY29udGVudFwvdXBsb2Fkc1wvMjAyMVwvMDZcL0xhLUZvcm1hdGdlcmlhLWRlLUxsaXZpYS1Ob3NhbHRyZXMtMy5qcGciLCJzbGlkZXNob3ciOiI2YTQ3M2I4In0%3D\">\n\t\t\t\t\t<div class=\"e-gallery-image elementor-gallery-item__image\" data-thumbnail=\"https:\/\/www.laformatgeria.com\/wp-content\/uploads\/2021\/06\/La-Formatgeria-de-Llivia-Nosaltres-3.jpg\" data-width=\"960\" data-height=\"720\" aria-label=\"La Formatgeria Ll\u00edvia -Nous\" role=\"img\" ><\/div>\n\t\t\t\t\t\t\t\t\t\t\t\t\t\t<\/a>\n\t\t\t\t\t<\/div>\n\t\t\t\t\t<\/div>\n\t\t\t\t<\/div>\n\t\t\t\t\t<\/div>\n\t\t<\/div>\n\t\t\t\t\t<\/div>\n\t\t<\/section>\n\t\t\t\t<\/div>","protected":false},"excerpt":{"rendered":"<p>Ubicada en una antiga f\u00e0brica de formatges, en ple cor de La Cerdanya, i enmig d&#8217;un entorn paradis\u00edac, es troba el restaurant La Formatgeria de Ll\u00edvia. Fa quasi 25 anys que la Marta i el Juanjo, els propietaris, van iniciar aquest projecte gastron\u00f2mic. Amb il\u00b7lusi\u00f3, const\u00e0ncia i l&#8217;afany de millorar dia a dia, han aconseguit<br \/><a class=\"moretag\" href=\"https:\/\/www.laformatgeria.com\/fr\/nosaltres\/\">+ Lire la suite<\/a><\/p>","protected":false},"author":1,"featured_media":3201,"parent":0,"menu_order":0,"comment_status":"closed","ping_status":"closed","template":"","meta":{"footnotes":""},"class_list":["post-1402","page","type-page","status-publish","has-post-thumbnail","hentry"],"_links":{"self":[{"href":"https:\/\/www.laformatgeria.com\/fr\/wp-json\/wp\/v2\/pages\/1402","targetHints":{"allow":["GET"]}}],"collection":[{"href":"https:\/\/www.laformatgeria.com\/fr\/wp-json\/wp\/v2\/pages"}],"about":[{"href":"https:\/\/www.laformatgeria.com\/fr\/wp-json\/wp\/v2\/types\/page"}],"author":[{"embeddable":true,"href":"https:\/\/www.laformatgeria.com\/fr\/wp-json\/wp\/v2\/users\/1"}],"replies":[{"embeddable":true,"href":"https:\/\/www.laformatgeria.com\/fr\/wp-json\/wp\/v2\/comments?post=1402"}],"version-history":[{"count":0,"href":"https:\/\/www.laformatgeria.com\/fr\/wp-json\/wp\/v2\/pages\/1402\/revisions"}],"wp:featuredmedia":[{"embeddable":true,"href":"https:\/\/www.laformatgeria.com\/fr\/wp-json\/wp\/v2\/media\/3201"}],"wp:attachment":[{"href":"https:\/\/www.laformatgeria.com\/fr\/wp-json\/wp\/v2\/media?parent=1402"}],"curies":[{"name":"wp","href":"https:\/\/api.w.org\/{rel}","templated":true}]}}

<div data-elementor-type="wp-page" data-elementor-id="1402" class="elementor elementor-1402" data-elementor-post-type="page">
						<section class="elementor-section elementor-top-section elementor-element elementor-element-11a39c44 elementor-section-full_width elementor-section-height-default elementor-section-height-default" data-id="11a39c44" data-element_type="section" data-e-type="section">
						<div class="elementor-container elementor-column-gap-no">
					<div class="elementor-column elementor-col-100 elementor-top-column elementor-element elementor-element-aa98809" data-id="aa98809" data-element_type="column" data-e-type="column">
			<div class="elementor-widget-wrap elementor-element-populated">
						<div class="elementor-element elementor-element-782468fb elementor-widget elementor-widget-text-editor" data-id="782468fb" data-element_type="widget" data-e-type="widget" data-widget_type="text-editor.default">
				<div class="elementor-widget-container">
									<p style="text-align: justify;" class="translation-block">Situé dans une ancienne fromagerie, au cœur de <strong>La Cerdagne</strong>, et au milieu d'un environnement paradisiaque, se trouve le restaurant <strong>La Formatgeria de Llívia</strong>.</p>
<p style="text-align: justify;" class="translation-block">Il y a près de 25 ans, <strong>Marta</strong> et <strong>Juanjo</strong>, les propriétaires, ont commencé ce projet gastronomique.</p>
<p style="text-align: justify;" class="translation-block">Avec enthousiasme, persévérance et envie de s'améliorer de jour en jour, ils ont réussi à faire de <strong>La Formatgeria</strong> l'un des coins les plus emblématiques de la région, tant pour sa cuisine renommée que pour la beauté de l'espace qui l'entoure.</p>
<p style="text-align: justify;">Ils ont su, au fil des ans, gagner la reconnaissance et l’appréciation des amateurs de bonne cuisine et de nature.</p>
<p style="text-align: justify;">Il n’y a ici que de la place pour profiter de la bonne nourriture et se détendre. <strong>L’endroit idéal pour manger à La Cerdanya.</strong>.</p>

<h3><strong>Nous t’attendons!</strong></h3>								</div>
				</div>
					</div>
		</div>
					</div>
		</section>
				<section class="elementor-section elementor-top-section elementor-element elementor-element-5799d97 elementor-section-full_width elementor-section-height-default elementor-section-height-default" data-id="5799d97" data-element_type="section" data-e-type="section">
						<div class="elementor-container elementor-column-gap-no">
					<div class="elementor-column elementor-col-100 elementor-top-column elementor-element elementor-element-79f051f" data-id="79f051f" data-element_type="column" data-e-type="column">
			<div class="elementor-widget-wrap elementor-element-populated">
						<div class="elementor-element elementor-element-6a473b8 elementor-widget elementor-widget-gallery" data-id="6a473b8" data-element_type="widget" data-e-type="widget" data-settings="{&quot;columns&quot;:3,&quot;columns_mobile&quot;:2,&quot;gap&quot;:{&quot;unit&quot;:&quot;px&quot;,&quot;size&quot;:4,&quot;sizes&quot;:[]},&quot;gap_tablet&quot;:{&quot;unit&quot;:&quot;px&quot;,&quot;size&quot;:3,&quot;sizes&quot;:[]},&quot;gap_mobile&quot;:{&quot;unit&quot;:&quot;px&quot;,&quot;size&quot;:4,&quot;sizes&quot;:[]},&quot;aspect_ratio&quot;:&quot;16:9&quot;,&quot;image_hover_animation&quot;:&quot;grow&quot;,&quot;lazyload&quot;:&quot;yes&quot;,&quot;gallery_layout&quot;:&quot;grid&quot;,&quot;columns_tablet&quot;:2,&quot;link_to&quot;:&quot;file&quot;,&quot;content_hover_animation&quot;:&quot;fade-in&quot;}" data-widget_type="gallery.default">
				<div class="elementor-widget-container">
							<div class="elementor-gallery__container">
							<a class="e-gallery-item elementor-gallery-item elementor-animated-content" href="https://www.laformatgeria.com/wp-content/uploads/2021/06/La-Formatgeria-de-Llivia-Nosaltres-2.jpg" data-elementor-open-lightbox="yes" data-elementor-lightbox-slideshow="6a473b8" data-elementor-lightbox-title="La Formatgeria de Llívia - Nosaltres" data-e-action-hash="#elementor-action%3Aaction%3Dlightbox%26settings%3DeyJpZCI6NDcyNSwidXJsIjoiaHR0cHM6XC9cL3d3dy5sYWZvcm1hdGdlcmlhLmNvbVwvd3AtY29udGVudFwvdXBsb2Fkc1wvMjAyMVwvMDZcL0xhLUZvcm1hdGdlcmlhLWRlLUxsaXZpYS1Ob3NhbHRyZXMtMi5qcGciLCJzbGlkZXNob3ciOiI2YTQ3M2I4In0%3D">
					<div class="e-gallery-image elementor-gallery-item__image" data-thumbnail="https://www.laformatgeria.com/wp-content/uploads/2021/06/La-Formatgeria-de-Llivia-Nosaltres-2.jpg" data-width="960" data-height="720" aria-label="La Formatgeria Llívia -Nous" role="img" ></div>
														</a>
							<a class="e-gallery-item elementor-gallery-item elementor-animated-content" href="https://www.laformatgeria.com/wp-content/uploads/2021/06/La-Formatgeria-de-Llivia-Nosaltres-5.jpg" data-elementor-open-lightbox="yes" data-elementor-lightbox-slideshow="6a473b8" data-elementor-lightbox-title="La Formatgeria de Llívia - Nosaltres" data-e-action-hash="#elementor-action%3Aaction%3Dlightbox%26settings%3DeyJpZCI6NDcyOCwidXJsIjoiaHR0cHM6XC9cL3d3dy5sYWZvcm1hdGdlcmlhLmNvbVwvd3AtY29udGVudFwvdXBsb2Fkc1wvMjAyMVwvMDZcL0xhLUZvcm1hdGdlcmlhLWRlLUxsaXZpYS1Ob3NhbHRyZXMtNS5qcGciLCJzbGlkZXNob3ciOiI2YTQ3M2I4In0%3D">
					<div class="e-gallery-image elementor-gallery-item__image" data-thumbnail="https://www.laformatgeria.com/wp-content/uploads/2021/06/La-Formatgeria-de-Llivia-Nosaltres-5.jpg" data-width="960" data-height="720" aria-label="La Formatgeria Llívia -Nous" role="img" ></div>
														</a>
							<a class="e-gallery-item elementor-gallery-item elementor-animated-content" href="https://www.laformatgeria.com/wp-content/uploads/2021/06/La-Formatgeria-de-Llivia-Nosaltres-1.jpg" data-elementor-open-lightbox="yes" data-elementor-lightbox-slideshow="6a473b8" data-elementor-lightbox-title="La Formatgeria de Llívia - Nosaltres" data-e-action-hash="#elementor-action%3Aaction%3Dlightbox%26settings%3DeyJpZCI6NDcyNCwidXJsIjoiaHR0cHM6XC9cL3d3dy5sYWZvcm1hdGdlcmlhLmNvbVwvd3AtY29udGVudFwvdXBsb2Fkc1wvMjAyMVwvMDZcL0xhLUZvcm1hdGdlcmlhLWRlLUxsaXZpYS1Ob3NhbHRyZXMtMS5qcGciLCJzbGlkZXNob3ciOiI2YTQ3M2I4In0%3D">
					<div class="e-gallery-image elementor-gallery-item__image" data-thumbnail="https://www.laformatgeria.com/wp-content/uploads/2021/06/La-Formatgeria-de-Llivia-Nosaltres-1.jpg" data-width="960" data-height="720" aria-label="La Formatgeria Llívia -Nous" role="img" ></div>
														</a>
							<a class="e-gallery-item elementor-gallery-item elementor-animated-content" href="https://www.laformatgeria.com/wp-content/uploads/2021/06/La-Formatgeria-de-Llivia-Nosaltres-4.jpg" data-elementor-open-lightbox="yes" data-elementor-lightbox-slideshow="6a473b8" data-elementor-lightbox-title="La Formatgeria de Llívia - Nosaltres" data-e-action-hash="#elementor-action%3Aaction%3Dlightbox%26settings%3DeyJpZCI6NDcyNywidXJsIjoiaHR0cHM6XC9cL3d3dy5sYWZvcm1hdGdlcmlhLmNvbVwvd3AtY29udGVudFwvdXBsb2Fkc1wvMjAyMVwvMDZcL0xhLUZvcm1hdGdlcmlhLWRlLUxsaXZpYS1Ob3NhbHRyZXMtNC5qcGciLCJzbGlkZXNob3ciOiI2YTQ3M2I4In0%3D">
					<div class="e-gallery-image elementor-gallery-item__image" data-thumbnail="https://www.laformatgeria.com/wp-content/uploads/2021/06/La-Formatgeria-de-Llivia-Nosaltres-4.jpg" data-width="960" data-height="720" aria-label="La Formatgeria Llívia -Nous" role="img" ></div>
														</a>
							<a class="e-gallery-item elementor-gallery-item elementor-animated-content" href="https://www.laformatgeria.com/wp-content/uploads/2021/06/La-Formatgeria-de-Llivia-Nosaltres-3.jpg" data-elementor-open-lightbox="yes" data-elementor-lightbox-slideshow="6a473b8" data-elementor-lightbox-title="La Formatgeria de Llívia - Nosaltres" data-e-action-hash="#elementor-action%3Aaction%3Dlightbox%26settings%3DeyJpZCI6NDcyNiwidXJsIjoiaHR0cHM6XC9cL3d3dy5sYWZvcm1hdGdlcmlhLmNvbVwvd3AtY29udGVudFwvdXBsb2Fkc1wvMjAyMVwvMDZcL0xhLUZvcm1hdGdlcmlhLWRlLUxsaXZpYS1Ob3NhbHRyZXMtMy5qcGciLCJzbGlkZXNob3ciOiI2YTQ3M2I4In0%3D">
					<div class="e-gallery-image elementor-gallery-item__image" data-thumbnail="https://www.laformatgeria.com/wp-content/uploads/2021/06/La-Formatgeria-de-Llivia-Nosaltres-3.jpg" data-width="960" data-height="720" aria-label="La Formatgeria Llívia -Nous" role="img" ></div>
														</a>
					</div>
					</div>
				</div>
					</div>
		</div>
					</div>
		</section>
				</div>

<p>Ubicada en una antiga fàbrica de formatges, en ple cor de La Cerdanya, i enmig d&#8217;un entorn paradisíac, es troba el restaurant La Formatgeria de Llívia. Fa quasi 25 anys que la Marta i el Juanjo, els propietaris, van iniciar aquest projecte gastronòmic. Amb il·lusió, constància i l&#8217;afany de millorar dia a dia, han aconseguit<br /><a class="moretag" href="https://www.laformatgeria.com/fr/nosaltres/">+ Lire la suite</a></p>
